rime?
False
Let m = -13389 + 23958. Let i be m*((-4)/12 + 0). Let z = -1996 - i. Is z prime?
False
Let c(v) = 64*v**2 + 13*v + 98. Let o(d) = -66*d**2 - 13*d - 98. Let u(j) = 3*c(j) + 2*o(j). Is u(-15) a prime number?
False
Let p(r) = -r**2 - 11*r + 29. Let f be p(-13). Is ((-2259)/(-6))/(f/2) composite?
False
Let v(j) = j**3 - 50*j**2 - 47*j - 200. Let k be v(51). Is -1 + 5 - 1061*(-92)/k prime?
True
Suppose -328*v = -372*v + 729212. Is v composite?
False
Let q = 148679 - 104244. Is q a prime number?
False
Let r(d) = 11199*d**2 + 7*d + 9. Is r(2) composite?
False
Suppose 2*g - 3*g - 17859 = -5*f, 3*g - 10701 = -3*f. Let z = -415 + 418. Suppose w - 2*n = f, 8*n = -z*w + 5*n + 10677. Is w a prime number?
False
Suppose 300 = -0*l + 3*l + 5*u, 3*u + 300 = 3*l. Suppose 0 = -2*o + 12*o - l. Suppose 1228 = -6*f + o*f. Is f a prime number?
True
Suppose 0 = w - 3*f - 119, 5*f - 8 = 7*f. Suppose 112*k - w*k = 55555. Is k composite?
True
Suppose -58*p + 46*p = -759588. Is p a prime number?
True
Suppose 0 = 2*q + 101 - 343. Let s = 199 - 253. Let z = s + q. Is z composite?
False
Suppose -3*o - 3 = w + 1, 4*w = -4*o. Suppose -4 - 7 = -m - 2*n, 5*m = -w*n + 31. Suppose 276 = 9*u - m*u. Is u a composite number?
True
Suppose -41993 = -8*j + 260735. Is j prime?
False
Let f = 8486 - -14561. Is f a composite number?
True
Is (-4)/6 + 3/((-27)/(-999213)) a prime number?
False
Let o(a) = -a**2 + a - 1. Let q(g) = 3*g - 10*g**2 + 8*g - 19*g**2 - 5*g**2 + 10. Let b(c) = 3*o(c) - q(c). Is b(-6) a prime number?
True
Suppose 12*s - 12 = 6*s. Let i(x) = 31*x**3 - x**2 - 2*x + 6. Let q be i(s). Suppose 23*a = 25*a - q. Is a a composite number?
True
Is (-86)/(-602)*(222934 + -5) a composite number?
False
Let i(v) = -6*v**2 - 350*v - 23. Is i(-23) a composite number?
True
Let q = -266934 - -610531. Is q a prime number?
False
Is (135/54)/(5/134522) a prime number?
True
Let i(p) = 96 - 600*p - 554*p - 29. Is i(-8) composite?
True
Let s(o) be the third derivative of 1/6*o**3 + 0 - 1/6*o**4 + 0*o + 37/30*o**5 + o**2. Is s(2) a composite number?
True
Let k be 8/((-480)/(-216) - (-4)/(-18)). Suppose -4*p - 296 = -d + 1085, -3*p = -k*d + 5459. Is d prime?
True
Suppose -3*y + 2057 = 2*v, 4*y + 5131 = 6*v - v. Let q = 126 - 16. Let g = v + q. Is g composite?
True
Suppose -3*t + 9*t = 30. Suppose t*b - 3*b - 791 = -5*n, 1154 = 3*b + n. Suppose -2*j + 0*j = -m + b, 0 = 4*m - 4*j - 1528. Is m a composite number?
True
Let n be ((-20)/15)/(1/(-108)). Let q be (-1 + 6)/((-7)/(-254 + 9)). Suppose f - n = q. Is f prime?
False
Let h(u) = 32686*u + 82. Let g be h(5). Is g/36 + 1*5 a composite number?
False
Let d(t) = -1478*t - 3109. Is d(-7) a prime number?
True
Suppose 5*w - 52948 = -g + 29256, g = -2*w + 82213. Is g composite?
False
Let z be 17/(-4) + 4 - 22095/(-12). Let u = -1288 + z. Is u a composite number?
True
Suppose -2 = -2*u - 2*b, -u = -3*u + 5*b + 23. Suppose -3*j + 8392 = -5*y - 4821, -u*j + y = -17640. Is j a prime number?
False
Suppose 8*q = 4*q + 1329843 + 1138313. Is q prime?
True
Suppose -15*m - 17*m = -31*m. Suppose m = 5*y + 5*q - 76890, 4*q - 8*q + 20 = 0. Is y a composite number?
False
Suppose 3*r - 27 = -3*j, 2*r - 5*j = 3*r + 11. Suppose -12*a + r*a = 442. Let v = a + -8. Is v prime?
False
Let j(y) = -y**3 - 192*y**2 - 226*y - 1503. Is j(-212) a prime number?
True
Let w(f) = -6096*f + 563. Is w(-8) prime?
True
Let i be 5091/(-27) - (-4)/(-9). Let j be i + 3/(-7) + (-36)/14. Let y = 989 + j. Is y a composite number?
False
Let u(t) = -34*t + 137. Let k be u(4). Is k/((35/5)/64673) prime?
True
Suppose -3*p + 691513 = 16*g - 21*g, -5*p - 5*g = -1152495. Is p prime?
True
Let n(b) = 7*b**3 + 13*b**2 + 34*b - 165. Is n(26) a prime number?
False
Suppose 0 = 4*p, -4*g + 5*g + 13 = -4*p. Let j(w) = w**3 - w**2 - 16*w - 6. Let a be j(g). Is 0 + (-2 - -3 - a) composite?
True
Let y be 36 - -7 - (1 + 0/4). Suppose -654902 = -y*q + 168550. Is q a composite number?
True
Suppose -g - 5*m - 24 = 0, 4 = 5*g + 2*m + 193. Let v = 43 + g. Is ((-7)/(v + -3))/((-2)/514) prime?
False
Let a(u) = -14496*u - 61. Let o be a(-19). Suppose 0 = 26*n - o - 8843. Is n a composite number?
True
Let i be (112/140)/(4/15). Suppose 5*c - 10*j - 53370 = -5*j, -i*j = 4*c - 42661. Is c composite?
True
Let h(c) = -405879*c - 2122. Is h(-1) a composite number?
False
Let t(d) = -d - 1. Let r(c) = -c**2 - 23*c - 24. Suppose 5*o = -2*o + 7. Let q(x) = o*r(x) + 5*t(x). Is q(-17) composite?
True
Suppose 233 = -z + 211. Is 251 + 0 - (z + 22) a prime number?
True
Let k(o) = 215*o**2 - 248*o + 738. Is k(3) prime?
False
Suppose -2358 = -3*v + 1146. Is v/20 - (-33)/55 prime?
True
Suppose 525*n - 6087614 = 1822395 + 40532266. Is n composite?
True
Let y(s) = 20993*s - 793. Is y(4) prime?
False
Let x be ((3 - 11968) + -4)/1. Let v = x + 21141. Suppose 5*n - v = r, -r + 3673 = n + n. Is n composite?
True
Let w be -7 - (1 + -13 + 5). Suppose w = 11*n - 19*n + 104744. Is n prime?
True
Let w(a) = 11*a**2 + 136*a**3 - 3*a**2 - 12*a + 5 + 4. Let z(c) = 45*c**3 + 3*c**2 - 4*c + 3. Let o(g) = -2*w(g) + 7*z(g). Is o(4) prime?
True
Let f(l) be the third derivative of 23*l**5/30 - l**4/12 + 47*l**3/6 - 61*l**2. Is f(10) a composite number?
True
Let c(t) be the third derivative of 4*t**5/3 - 15*t**4/8 - t**3/2 - 61*t**2. Is c(8) a composite number?
True
Let o(q) = 4*q**3 - 79*q**2 + 142*q - 137. Is o(34) composite?
False
Let u(o) = -o**3 + 6*o**2 + 11*o - 14. Let k be u(7). Let t(m) = m**3 - 14*m**2 - 7. Let q be t(k). Let f(r) = -19*r + 24. Is f(q) prime?
True
Suppose 4*j - 322740 = -2*c, 81*c - 86*c = 5*j - 403420. Is j composite?
True
Suppose -v - 5*r = -3949, 0 = -3*r - 29 + 14. Suppose v + 264 = 2*q. Is q a composite number?
True
Is (27/(-3) + 0 + 4)*266106/(-10) composite?
True
Suppose -50545 = -3*r - 4*t, -14*r - 33678 = -16*r + 2*t. Is r a prime number?
True
Let v(a) = 46*a**2 + 44*a + 10. Let b be v(8). Let q = -1529 + b. Is q a prime number?
True
Suppose 0 = 3*y - 910 - 476. Suppose 3*h + y = 1554. Suppose -551 = -3*f + h. Is f composite?
True
Suppose 232574 = -24*f + 829862. Suppose z - 5*h - 42086 = 0, -5*h - 59260 = -2*z + f. Is z a composite number?
False
Let j = -614 + 1546. Let m = j + -220. Suppose 5481 - m = 19*s. Is s a composite number?
False
Let l(q) = -66*q**3 - 7*q**2 - 6*q + 80. Is l(-17) composite?
False
Suppose -3*g = b - 171535, 61*b - 56*b - 2*g = 857573. Is b a prime number?
True
Suppose -4*z + 3*z + 12 = 4*p, -2*z - 3*p = -14. Suppose -z*j = -j - 48. Let q(v) = 2*v + 33. Is q(j) prime?
False
Suppose -z + 2*t = -8, 0 = 4*z - 9*z - 5*t + 25. Suppose 5*p - z*u - 25819 = -7*u, 5*p + 5*u - 25835 = 0. Is p a composite number?
True
Suppose 25979 - 2804 = -3*w. Is 0 + 1 - (5 + w) a composite number?
True
Let w(j) = -5*j**3 + j**2 - 7*j + 10. Let z be w(4). Let l = z + 843. Is l prime?
True
Let i(d) = -d + 1. Let o(w) = 5*w + 9. Let s(n) = -15*i(n) + 3*o(n). Let g be s(4). Suppose -5*q + g = v - 6073, 3*q = -3*v + 3723. Is q prime?
False
Let g(s) = 7*s + 15. Let o be g(-2). Is o/((-4)/(-46))*(-25 - -47) composite?
True
Suppose -29 = 9*s - 20. Is (-43668)/144*s*4 a prime number?
True
Is (-294843)/(-2) + ((-1470)/(-28))/(-21) prime?
True
Let h = -77 - -171. Let j = 186 - h. Let i = j + 581. Is i a prime number?
True
Suppose 0 = 193*n + 116*n - 60736113. Is n composite?
True
Suppose -11*s = -15*s - 40. Let y be (-14)/(-5) + (-2)/s. Suppose -2*u = 2*i - 948 - 3356, -y*i + u = -6460. Is i prime?
True
Suppose 2268211 = 4*z + 8*c - 7*c, 3*z = c + 1701160. Is z a composite number?
False
Suppose -115*a - 156*a = -27*a - 47670524. Is a a prime number?
False
Let a be (-66)/(-5) - (-9)/(-45). Suppose a*f - 1 = -1. Suppose 11*j - 12*j + 1563 = f. Is j a prime number?
False
Suppose 7*v - 2246852 = 155289. Is v a prime number?
True
Let x(w) = -660*w**3 + 7*w**2 - 12*w + 34. Let i(c) = 1318*c**3 - 13*c**2 + 25*c - 68. Let b(k) = 6*i(k) + 11*x(k). Is b(2) composite?
True
Suppose 5797435 = 20*s + 17*s - 1355664. Is s a prime number?
True
Suppose -926088 = -149*i + 7997969. Is i a prime number?
False
Suppose 0 = 23*c - 25*c + 1222. Let p = c + 2583. Is p a prime number?
False
Let z(b) = -11*b + 17. Let c be z(2). Let t(n) = n**2 + 3*n - 8. Let k be t(c). Suppose -v - 4*y - 5207 = -4*v, -k*v = 3*y - 3494. Is v a prime number?
Tr